h = -h. Suppose -4*b + 37 + 79 = h. What are the prime factors of b?
29
Suppose k - 638 = 4185. List the prime factors of k.
7, 13, 53
Let j be (2/6)/((-2)/(-30)). Suppose 0*s = b - 5*s - 78, 450 = j*b + 5*s. What are the prime factors of b?
2, 11
Suppose -8 = -5*f + 2*y, -f + 0 = -4*y + 2. Suppose x + 0*x + p - 53 = 0, 0 = -f*x - 3*p + 106. What are the prime factors of x?
53
Let i be (-4)/(-14) + 696/14. Suppose 0 = -5*m + 5*j - i, -2*j - 15 = -3*m + 8*m. What are the prime factors of (-135)/m - (-2 - -3)?
2, 13
Suppose 5*a + 3*z - 31 = 0, 14 = 2*a - 2*z + 4*z. Suppose -3*k + 1 = -a. Suppose 5*c + k*u - 86 = c, -5 = u. List the prime factors of c.
2, 3
Suppose 0 = 13*a + 10*a - 5520. What are the prime factors of a?
2, 3, 5
Let c = 508 - 62. List the prime factors of c.
2, 223
Suppose -4*s = -5*z - 7*s + 3860, -s = -z + 780. What are the prime factors of z?
5, 31
Let x = 229 - 195. List the prime factors of x.
2, 17
What are the prime factors of 1/(3 - 4)*-270?
2, 3, 5
Let w(y) = -2*y + 2. Let v be w(-1). Suppose -v*q + 477 = 4*t + 69, -3*t = q - 112. List the prime factors of q.
97
Let g(n) = -n + 9. Let v be g(7). Suppose 3*r + v*f = 666, -2*r - 5*f + 280 = -153. Suppose 0*b + r = 7*b. What are the prime factors of b?
2
Suppose 0*o - o = 4*b - 145, o - 2*b = 163. Suppose y + d - 175 = 0, -d + o = 3*y - 358. List the prime factors of y.
2, 5, 17
Suppose 7*u - 240 = 3*u - 3*k, -3*u + k = -180. Suppose 4*o - u = 9*o. List the prime factors of (12/(-18))/(1/o).
2
Suppose -6*z + 21*z = 5070. List the prime factors of z.
2, 13
Suppose p + x - 295 = 154, 4*p - 1814 = 2*x. List the prime factors of p.
2, 113
Let u(r) = -r + 33. Let s(q) = -q + 1. Let m(n) = -6*s(n) + u(n). What are the prime factors of m(5)?
2, 13
Let b = 1324 + -1091. What are the prime factors of b?
233
Let w = 0 - -1. Let f = 3 - w. List the prime factors of 22 - (-1 + f + 1).
2, 5
Let i = -221 - -103. Let f = 320 + i. List the prime factors of f.
2, 101
Suppose 4*q - 4289 + 1453 = -5*b, b - 4 = 0. List the prime factors of q.
2, 11
Suppose 33*f - 7291 = 9044. List the prime factors of f.
3, 5, 11
Suppose 2*x = -5 + 11. List the prime factors of 20843/76 + x/4.
5, 11
Let d be (3 + -2 + -37)*1. Let n = d + 54. Suppose 3*s + 9 = m - s, -2*m + n = -s. List the prime factors of m.
3
Let v(o) = 4*o - 5. Let p be v(-11). Let x = p + 111. What are the prime factors of x?
2, 31
Let l be (-2 - -2) + 100 + -4 + 1. Suppose -l = 4*h - 697. What are the prime factors of h?
2, 3, 5
Let f = -147 - -92. Let c = -35 - f. List the prime factors of c.
2, 5
Suppose 2*q = 4*w + 304, 9*w - 12*w = 2*q - 325. List the prime factors of q.
2, 79
Let c(r) = r**3 + 9*r**2 - 11*r. List the prime factors of c(-6).
2, 3, 29
Suppose p - 1841 = 7*y - 2*y, -3710 = -2*p - 4*y. What are the prime factors of p?
3, 617
Suppose 2*z + 3*a - 559 = 661, -2 = -a. List the prime factors of z.
607
Suppose -41 - 23 = 3*i - 5*l, 0 = -3*i - 5*l - 44. List the prime factors of (i/(-8))/(21/1624).
2, 3, 29
Suppose -2*i + 5*q = -417, 606 = 3*i - 2*q + q. Let s = i + -114. List the prime factors of s.
3, 29
Suppose 0 = u + 5*s - 995, -3*u = -26*s + 22*s - 2909. What are the prime factors of u?
3, 5, 13
Let d(s) = -s**3 - 9*s**2 - 5*s + 15. Let g be d(-8). What are the prime factors of (-6)/g - (-1664)/24?
2, 5, 7
Suppose -b - 729 = -j, 4*j + j = 4*b + 3648. Suppose 5*w = 3*y + j, -3*w - y + 446 = 4*y. List the prime factors of w.
3, 7
Let f = -319 + 815. What are the prime factors of f?
2, 31
Suppose r + 0*z = 3*z + 19, 24 = r - 4*z. Suppose 5*f - 220 = -0*s - s, r*f = 5*s + 147. List the prime factors of f.
43
Suppose q = 19 + 1. Suppose 5*x = -q, -4*x = 2*s - 2*x + 12. Let y = 3 - s. What are the prime factors of y?
5
Let b(c) = 14*c**2 + 19*c + 147. List the prime factors of b(13).
2, 3, 5, 23
Let s(q) = 3*q - 7. Let o(j) = -27*j**3 + j + 2. Let a be o(-2). Let h be (-2)/(-11) - a/(-22). What are the prime factors of s(h)?
23
Suppose -19*p = -20*p + 399. What are the prime factors of p?
3, 7, 19
Let s be 2/5 + (-289)/85. What are the prime factors of -4*(-33 + s)/4?
2, 3
Let f(h) = 2*h - 19. Let k be f(12). Let r = k + 0. Suppose 4*m + 57 = n + r*m, 179 = 3*n + m. What are the prime factors of n?
61
Let z(q) = -2*q**3 - 2*q**2 + 3*q + 1. Let y be z(-2). Suppose 0 = m - y*m + 132. Let i = m - 36. What are the prime factors of i?
2, 3, 5
Let z(l) be the first derivative of l**2/2 + 15*l + 1. Suppose 0 = 5*u + 4*i + 36, -4*u - i - 24 = 7. List the prime factors of z(u).
7
Suppose -i - 3 + 4 = 0. Suppose -2*m = 4*x - 16, m - 2*x = 2*x + 8. Suppose -f + r = i, -m + 0 = -2*r. What are the prime factors of f?
3
Let n(v) = 25 - 38 - 15*v**3 - 2*v**2 + 18 + 0*v**2. List the prime factors of n(-2).
3, 13
Suppose 3*p - 3*m - 33 = 0, -2*p + 26 = p + 4*m. List the prime factors of 1014/p + (-6)/(-10).
2, 3, 17
Suppose 0*j - j + 5*a = 74, j = -2*a - 53. Let l be j/2 - (-12)/(-24). Let h = -20 - l. List the prime factors of h.
2, 5
Let j = 18 - -22. Let a be -35 + 3 - -1*3. Let o = j + a. List the prime factors of o.
11
Let w be (156/8)/((-3)/4). Let d = w + 31. What are the prime factors of d?
5
Suppose 4*t - 1076 = -0*t. Let w = t - 82. What are the prime factors of w?
11, 17
Let y(q) = -9*q - 5. Let k be y(-2). Let o = -9 + k. Suppose 4*i - 49 = -n, o*n + n - 229 = -4*i. List the prime factors of n.
3, 5
Let u be (-388)/(-2)*(-4)/8. Let h = 205 + u. Suppose -2*a + h = -2*z + 4*z, -3*z - 262 = -5*a. What are the prime factors of a?
53
Suppose 4*x + 2*q - 54 = 0, q + 15 = 2*x - 2*q. Let j = x - 11. Let g = 26 + j. What are the prime factors of g?
3
Let k = 14 + -13. Suppose k = -z + 17. Suppose -c + z = -5*s, 2*c + 5*s - 6 = c. List the prime factors of c.
11
Suppose 4*n = d - 2*d + 93, -5*d + 5*n = -465. Let m = d - 67. List the prime factors of m.
2, 13
Let t = 84 - -531. List the prime factors of t.
3, 5, 41
Let m(g) = 221*g**2 - 34*g + 131. What are the prime factors of m(4)?
3, 11, 107
Let k(q) be the first derivative of q**2/2 + 6*q - 2. Let r be k(3). List the prime factors of (6/r)/((-4)/(-54)).
3
Suppose -5*u = 4*f + 124, -2*u + 44 = -f - 0*u. Let d be ((-15)/(-4))/(f/96). List the prime factors of 50/15*(-24)/d.
2
Suppose 0*s - 2*s + 6 = 0. Let w be ((-8)/4 - -2) + 2. Suppose w*u = -s*u + 325. List the prime factors of u.
5, 13
Let z(p) = 6*p**3 - 8*p**2 - 22*p. What are the prime factors of z(7)?
2, 3, 7
Suppose 5*k + 791 = -6*l + 8*l, 0 = -4*l + 4*k + 1576. Suppose -255 = -9*p + l. List the prime factors of p.
2, 3
Suppose -4*z + 5*z = 902. What are the prime factors of z?
2, 11, 41
Let x be (-3 + -4)*(-6)/7. Suppose 5*c + x = 2*c. List the prime factors of (-76)/(-24) + c/12.
3
Let c = -206 + 1044. What are the prime factors of c?
2, 419
Let n(c) = 6*c**3 - 3*c**2 + 8*c - 1. What are the prime factors of n(4)?
367
Let u = 381 - 207. List the prime factors of u.
2, 3, 29
Suppose -34*j + 136*j = 278970. What are the prime factors of j?
5, 547
Let u(i) = i**3 + 2*i**2 - 3*i + 15. Let m be u(7). Suppose h - 128 = -4*y, -2*y = -3*h + 3*y + m. List the prime factors of h.
2, 5, 7
Suppose -k - 23 = -2*i + 2*k, -5*i + 32 = k. Let c(u) be the second derivative of 7*u**3/6 - u**2 - u. What are the prime factors of c(i)?
47
Let w = 31 - 24. Suppose -3*p = -11 - w. Suppose -p + 35 = s + j, -3*s + j = -79. What are the prime factors of s?
3
Suppose -3*f - 3*y - 4 = -22, -4*f = 5*y - 20. Let j be 4/f + 12/(-30). Suppose -2*q + j*n = -5*n - 61, 3*q + 5*n = 104. What are the prime factors of q?
3, 11
Let v(l) be the first derivative of l**4/4 - 2*l**3/3 - l**2/2 - 3*l + 1. Let x(b) = 2*b - 5. Let t be x(5). What are the prime factors of v(t)?
67
What are the prime factors of 3/(9/6)*1191/6?
397
Suppose -21 = -4*g + c, -20 = -5*g - 4*c + 22. Let w(a) = -4*a**2 + 2*a - g*a + 1 + 2*a - 5*a**3. What are the prime factors of w(-2)?
29
Suppose 0 = -5*x + 4*u + 23670, -2*x = 2*u - 10476 + 1026. What are the prime factors of x?
2, 5, 11, 43
Let t(l) = l**2 - 5*l + 2. Let n be t(5). Suppose -75 = -5*i - n*c - 2*c, 0 = -5*i + 4*c + 115. List the prime factors of i.
19
List the prime factors of -4*20/16 - -55.
2, 5
Let f(y) = 6*y**3 - 17*y**2 + 9*y + 16. What are the prime factors of f(7)?
2, 163
Suppose -4*h - h + 60 = 0. Let u(t) = -2*t + 25. Let